. What are the prime factors of m(3)?
2, 3, 13
Let v be (0 - 2) + (-16)/(-8). Let d be -5 - -7 - (v - 13). Suppose k - 7 = d. List the prime factors of k.
2, 11
Let p(k) = -150*k**3 + k**2 - 5*k - 9. What are the prime factors of p(-2)?
5, 241
Let y(u) be the third derivative of -13*u**6/40 - u**5/60 + u**3/6 + 42*u**2. List the prime factors of y(-1).
3, 13
Suppose -15*b - 24*b + 32058 = 0. List the prime factors of b.
2, 3, 137
Suppose -14*z + 9*z + 205 = 0. Suppose -59 + 314 = 3*p. Let x = p - z. What are the prime factors of x?
2, 11
Let y(a) be the third derivative of a**6/120 + 3*a**5/20 + 3*a**4/8 + 7*a**3/6 + 2*a**2. List the prime factors of y(-7).
2, 3, 7
Suppose -20 + 4 = -4*m. Suppose 0 = 2*s - m*w + w - 104, 2*s + 2*w = 114. What are the prime factors of s?
5, 11
Suppose 5*y - 15 = 4*u, -2*y + 15 = 3*y. Suppose f + 11 = -4*j, 4*j - 5*f + 17 = -u*j. List the prime factors of (-228)/(-4)*(-1)/j.
19
Suppose -21*h + 7440 - 2568 = 0. What are the prime factors of h?
2, 29
Suppose 0 = -5*z + 4*p - 137, -2*z - 2*p + 5*p = 59. What are the prime factors of (-2)/1*(0 - (-3 - z))?
2, 11
Let y be 4/6 - (-543)/9. Suppose 574 = y*i - 54*i. List the prime factors of i.
2, 41
Let f(b) = -198*b + 1. Let a be f(-1). Let j = a - 96. What are the prime factors of j?
103
Suppose 5*p + 6*y = y - 415, 3*y = -5*p - 415. Let r = p - -159. List the prime factors of r.
2, 19
Let b be -55 - (-4)/4 - (1 + -4). Let m = b + 54. What are the prime factors of m?
3
Let d(w) = -w + 19. Let k(v) = v**3 - 6*v**2 - 6*v + 2. Let b be k(7). Let z be (-42)/4 - b/(-18). List the prime factors of d(z).
29
Let i = 1939 + -1343. List the prime factors of i.
2, 149
Let w = 4554 + -2225. List the prime factors of w.
17, 137
Let w be (2 - -121)/((-15)/10). Suppose -z - 348 = 2*z. Let h = w - z. List the prime factors of h.
2, 17
Suppose 2*o + 14*g - 3114 = 17*g, 5*o - 7785 = -g. List the prime factors of o.
3, 173
Let b(t) = t**3 + t**2 - t - 4. Let c be b(0). Let l be c*1*(-3 + 2). Suppose l*x - 33 = -1. What are the prime factors of x?
2
Let y = 25 + -25. Suppose p - 2*p + 85 = y. Let s = p + -21. List the prime factors of s.
2
List the prime factors of (-6 + 3)/((-27)/4950).
2, 5, 11
Let c = -1 - 5. Let j be (c + 2 + -57)*-1. Suppose -6*h = -23 - j. What are the prime factors of h?
2, 7
Suppose 7 = -2*g - 3*l + 67, -4*g + l + 92 = 0. Let n = g + -13. Suppose -3*h + n = -13. What are the prime factors of h?
2
Suppose -6 = -k + 3*r, 0 = -4*k - 0*r - 2*r + 38. Suppose 0 = 4*m + 5*u - 18, -2*u - 21 = -3*m + 4. Suppose -k - m = -i. What are the prime factors of i?
2
Let a(u) = -u**3 + 7*u**2 + 9*u - 4. Let s be a(8). Suppose -t = -s*t - 183. List the prime factors of (-10)/(-15) + t/(-3).
3, 7
Let s be -3 + (-4 - -3)*25. Let d = s - -45. Let t = -15 + d. What are the prime factors of t?
2
Let k = 505 - 291. Let h = 413 - k. What are the prime factors of h?
199
Let w = -31 - -32. Let v(k) = 58*k + 1. List the prime factors of v(w).
59
Suppose 0 = -25*a + 15060 - 3060. What are the prime factors of a?
2, 3, 5
Let n(x) = 25*x + 217. What are the prime factors of n(19)?
2, 173
Let b(c) = -9*c + 2. Let i be b(-2). Let n = 24 - i. Suppose 5*s = n*p - 5*p + 33, 8 = 4*s. List the prime factors of p.
23
Let j(y) = -y**3 - 17*y**2 - 15*y + 17. Let f be j(-16). Suppose -3*w + 4*w = f, -2*w = 3*c - 380. List the prime factors of c.
2, 3, 7
Let c(x) = x**3 + x**2 + 17*x + 478. What are the prime factors of c(0)?
2, 239
Suppose 3*s - 20 = 7*s, 5*s = -4*o + 7. Suppose 905 = -o*d + 3361. What are the prime factors of d?
307
Suppose 4*i - 3152 = -5*a, -40*a + 36*a - 2364 = -3*i. What are the prime factors of i?
2, 197
Suppose -4*p = -g - 782, -5*p - 3*g = -2*p - 579. What are the prime factors of p?
3, 5, 13
Let z(o) = -o**3 + 8*o**2 + 10*o - 10. Let l be z(9). What are the prime factors of l/(-5) - 408/(-10)?
41
What are the prime factors of 5 + 6328/7 + -8?
17, 53
Let t be 10/24*3 + 1/(-4). Let r(n) = 83*n - 4. List the prime factors of r(t).
79
Let r = 207 - -74. Let a = 20 + r. What are the prime factors of a?
7, 43
Let o be (4/3)/((-26)/(-39)). Suppose 2*c + 5*i + 97 - 342 = 0, -o*c + 4*i + 200 = 0. List the prime factors of c.
2, 5, 11
Let z = 32 - -21. Suppose 0 = -n - 5*t + 13, -2*n - t + z = -0*n. What are the prime factors of n?
2, 7
Let h(u) be the second derivative of -u**3/2 + 11*u**2/2 - u. Suppose 0 = 5*w + 3*m + 22, 0*m - 2*m = -2. List the prime factors of h(w).
2, 13
Let u be 4/(-4)*(0 + -1). Let n = 55 + u. Suppose 0 = -4*j - 20, -5*i + 4*j = -79 - n. List the prime factors of i.
23
Let u(j) = 3*j**2 - 7*j + 3. Let f(i) = -2*i**2 + 4*i - 1. Let k(c) = -5*f(c) - 3*u(c). Let y = 12 + -7. List the prime factors of k(y).
2, 13
Let k be 2/(-1 + (-12)/(-8)). Suppose 2*w = c + 20, -k*c - 64 = -4*w + 16. List the prime factors of (4 - 76/16)*c.
3, 5
Let l be 244/11 - 28/154. Let o = l + 23. List the prime factors of o.
3, 5
Let o(b) = 15*b**2 - 3*b - 30. What are the prime factors of o(5)?
2, 3, 5, 11
Let r(m) = -m - 1. Let s(t) = -10*t. Let a(f) = -6*r(f) + s(f). Let l be a(6). Let u = l + 44. List the prime factors of u.
2, 13
Let z(d) = -d**3 - 8*d**2 + 15*d - 28. What are the prime factors of z(-12)?
2, 23
Suppose -26*d - 321 = -27*d. List the prime factors of d.
3, 107
Let g = -18 + 20. Suppose 5*f + 0*k - 3*k - 173 = 0, -g*k = 5*f - 193. Let o = 71 - f. What are the prime factors of o?
2, 17
Suppose -4*w - 4*w = 0. Suppose -3*r + 4 + 2 = w. Suppose -4*y = -2*k + 2, 2*y = 4*y - r*k + 6. What are the prime factors of y?
2
Let o(u) = -47*u + 253. What are the prime factors of o(-4)?
3, 7
What are the prime factors of -10 - (0/8 + -3634)?
2, 3, 151
Let t(f) = 4*f + 31. Let v = 16 - 2. List the prime factors of t(v).
3, 29
Let c = -550 + 826. List the prime factors of c.
2, 3, 23
Let g(s) = -6*s**2 + 55*s + 50. Let z(j) = -j**2 + 11*j + 10. Let a(m) = -2*g(m) + 11*z(m). What are the prime factors of a(-14)?
2, 13
Let w(p) = -2*p**2 + 4*p. Let x be w(3). Let c be (-9)/((-27)/x) + 4. Suppose u - 126 = -c*o, 2*o + 2*o + 3*u - 254 = 0. List the prime factors of o.
2, 31
Let c be 77/14 + (-3)/(-6). Let p(v) = 1 - c*v + 3*v**2 - v**2 - 1. What are the prime factors of p(4)?
2
Suppose 3*s + 2413 = 4*y, 0 = 4*y - 5*s - 662 - 1741. What are the prime factors of y?
607
Suppose -7*m = -1011 - 4869. What are the prime factors of m?
2, 3, 5, 7
List the prime factors of 205 + 1 + -22 + 17.
3, 67
Suppose 3*j + j = 0. Suppose 0 = f - j - 3. Suppose 4*u + p - 9 - 3 = 0, -5*p + 9 = f*u. List the prime factors of u.
3
Let o(w) = -w. Let f be o(4). Let q = f - -19. List the prime factors of 16/(-24)*q/(-1).
2, 5
Let f(b) = 3*b**2 + 45*b + 67. What are the prime factors of f(-35)?
11, 197
Let w = 49 - 40. Suppose 3*g - w*g = -270. What are the prime factors of g?
3, 5
Let u be 5/(-3) - (-2)/3. Let f(b) = -b**3 - 2*b**2 + b + 1. Let a be f(u). List the prime factors of (-3)/(a + 18/21).
3, 7
Let h = 1340 + -776. What are the prime factors of h?
2, 3, 47
Let w(s) = -s - 10. Let a be w(-6). Let d be 8809/(-69) + a/(-6). Let c = d - -203. What are the prime factors of c?
2, 19
Let t(z) = 80*z - 196 - 53*z + 191 + 211*z. What are the prime factors of t(1)?
233
Suppose 4*u - 5956 = 2*u. What are the prime factors of u?
2, 1489
Let t be (-16)/(-8) - 4/(-2). Suppose -3*z + 6 = -0. Suppose 4*s = 3*i - z - 52, -3*i = t*s - 78. What are the prime factors of i?
2, 11
Let p(r) = -488*r + 30. List the prime factors of p(-1).
2, 7, 37
Let c = -248 - -438. List the prime factors of c.
2, 5, 19
Let t = -1480 - -3343. List the prime factors of t.
3, 23
Suppose 4*q - b = -2*b + 9351, -4*q = 5*b - 9363. What are the prime factors of q?
3, 19, 41
Let k = -4 - 10. Let d = 19 + k. Suppose d*s - 130 = -0*s. What are the prime factors of s?
2, 13
List the prime factors of (-758)/4*(-3 + 2 - 13).
7, 379
Let p = 52 + -27. Suppose -3*q + 3 = s + p, -10 = -5*s. What are the prime factors of (-4)/2 - 232/q?
3
Suppose -37*w = 17*w - 92610. List the prime factors of w.
5, 7
Suppose -2*m + 2*t = 647 - 1713, 3*t = 2*m - 1067. What are the prime factors of m?
2, 7, 19
Suppose 2*h - 3*h - 1 = 0. Let a(s) = -55*s**2 - 10*s. Let b(u) = 11*u**2 + 2*u. Let i(f) = 2*a(f) + 11*b(f). List the prime factors of i(h).
3
Let m(r) = r**2 + 7*r - 